digit of s?
2
Let q be (-688)/(-3) + (-7)/21. Suppose -4*g + q = -3*g. Suppose 4*y + 5*u + 65 - g = 0, 4*u - 41 = -y. What is the units digit of y?
1
Suppose 5*n = 4*i + 2709, -5*i + 122 = 102. What is the hundreds digit of n?
5
Let c = 19 + -28. Let d be c/6 + (-17)/(-2). Suppose -8 - d = -h. What is the units digit of h?
5
Let u(r) = -r**2 + 6*r - 7. Suppose -2*x + 5*v = 12, -x - 2*v + 24 = 3*v. What is the units digit of u(x)?
1
Let q = -15 - -34. Suppose -232 = -23*p + q*p. What is the tens digit of p?
5
Suppose -3*v + 2093 + 1237 = 4*j, 0 = v - j - 1117. What is the hundreds digit of v?
1
Let p(h) be the first derivative of 1 - 15*h + 3/2*h**2. What is the units digit of p(14)?
7
Let y = -3 - -24. Suppose 0 = 18*j - y*j + 462. What is the tens digit of j?
5
Let m(w) = 166*w**2 - 5*w - 23. What is the thousands digit of m(5)?
4
Suppose -7*r + 4600 + 216 = 0. What is the tens digit of r?
8
Let t(m) = 2*m**2 - 8*m - 19. Let u be t(8). Suppose u*s - 47*s + 170 = 0. What is the units digit of s?
5
Let p(n) = n**3 + n**2 - 1. Let c(g) = -6*g**3 - 19*g**2 - 24*g + 9. Let j(q) = c(q) + 5*p(q). What is the hundreds digit of j(-13)?
1
Suppose -61 = -8*p + 11. What is the units digit of p?
9
What is the tens digit of 0 + (-3)/27 - 7308/(-162)?
4
Let b(r) be the second derivative of 5*r**4/12 - r**3/3 - 13*r. What is the tens digit of b(4)?
7
Let p = -86 - 14. Let s = 96 - p. What is the tens digit of s?
9
Suppose 0 = 7*y + 2138 - 9187. What is the hundreds digit of y?
0
Let g(s) be the second derivative of -s**5/2 - s**4/6 + s**3/2 + s**2 + 2*s. Let c be g(-3). Suppose 7*y - c = 2*y. What is the tens digit of y?
4
Let y(t) = -6*t**3 - t**2 - t. Let l be y(-1). Let h = -2 - l. Let x = h + 15. What is the units digit of x?
7
Suppose -5*i + 4970 = -22*l + 24*l, -i = 2*l - 986. What is the units digit of i?
6
Suppose 0 = -1863*u + 1842*u + 76125. What is the hundreds digit of u?
6
Let l(n) = 33*n**2 - 14*n + 4. What is the tens digit of l(3)?
5
Let k(j) = j**3 - j**2 - j + 37. Let b be k(0). Let u = b - 36. What is the units digit of u?
1
Let l(r) = 10*r**3 + 2*r - 1. Suppose 3*n - 7*n = -8. Suppose n*s + 4*b - 18 = 0, 2*s = 3*s - b + 3. What is the units digit of l(s)?
1
Suppose -4*o - 18*k = -23*k - 3962, -3*k = o - 982. What is the tens digit of o?
8
Suppose 3*x - 722 = -98. Suppose -3*v - 4*u + x = -52, -92 = -v + 4*u. What is the units digit of v?
8
Let r(q) be the third derivative of q**5/30 + q**4/8 - 4*q**2. Let w be r(-4). Let f = w + 6. What is the tens digit of f?
2
Let t = 89 + -83. What is the tens digit of (-6)/(t/(-2)) + 20/1?
2
Let k(c) = -77*c + 21. What is the units digit of k(-4)?
9
Let d(v) = 3*v**2 - 2 - 2 + 31*v - 40*v. What is the units digit of d(7)?
0
Suppose s + 4*v = -20, 0 = -3*s + 4*s - 5*v - 25. Let a be (0 - -25 - s)/1. Suppose 7*d - 3*d + 15 = m, -m = d - a. What is the tens digit of m?
2
Let j = -75 + 128. Suppose -z + j = -3*b - 21, -z - 2*b + 74 = 0. What is the tens digit of z?
7
Let g(y) = y**3 - 5*y**2 - 7*y + 5. Let d be g(7). Let w be (5/(-3))/((-6)/d). Let n = 30 - w. What is the units digit of n?
5
Let f be (0/3 - 0)/3. Suppose f = 3*m - 326 - 247. What is the units digit of m?
1
What is the units digit of ((-105)/6)/(-5)*178?
3
Let t(l) be the first derivative of 2*l**3/3 - 3*l**2 + 14*l + 4. What is the tens digit of t(-6)?
2
Let b(m) = -m**3 + 6*m + 4. Let u be b(-2). Suppose -5*q = -5*r + 605, -5*r - q + 183 + 392 = u. What is the units digit of r?
6
Let f = -380 + 527. What is the tens digit of f?
4
What is the tens digit of (-3)/4 + (-21681)/(-44)?
9
Let d = 26 + -44. Let g = -97 + 35. Let m = d - g. What is the units digit of m?
4
Suppose 11*i = 48463 - 12427. What is the hundreds digit of i?
2
Suppose -q = 4*r - 6*r + 9, -4*r + 17 = -q. Suppose 94 + 94 = 4*l + 2*d, 0 = r*l - 2*d - 188. What is the tens digit of l?
4
Let v(q) = q**3 + 11*q**2 + 10*q + 3. Let i be v(-10). Suppose -3*l + i*n = -87, 5*l - 3*n - 161 = -6*n. What is the units digit of l?
1
Let s be (-5)/15 + 10*(-3)/18. What is the units digit of (3 - 2)/(s/(-252))?
6
What is the hundreds digit of ((-32)/48)/(4/(-2514))?
4
Let u = 982 - 421. What is the units digit of u?
1
What is the units digit of (-142 + 1)/((-1)/3)?
3
Let a = -17 + 20. Suppose -3*v - 2*z = 0, a*z = -v - v. Suppose 4*f + 2*y - 86 = v, 3*f - 72 = -2*y - 7. What is the units digit of f?
1
Suppose 0 = 4*l - 3*y + 9, l + 0*y + 4*y - 12 = 0. Suppose d + 32 = 3*d + 2*k, 5*d + 2*k - 74 = l. What is the tens digit of d?
1
Let w be 2/(-10) + 446/5. Let v = -139 + w. Let y = v - -85. What is the tens digit of y?
3
Suppose -12 = -2*d + 6. Suppose -4*o - d = -29. Suppose -5*x = -2*h - 242, -o*x + 234 = 2*h - 6*h. What is the tens digit of x?
5
Suppose 5*k = j + j + 588, k = 2*j + 124. Suppose -2*u + 120 = -0*u + 3*d, -2*u - 2*d = -k. What is the tens digit of u?
5
Suppose -15*l + 6255 = -7650. What is the units digit of l?
7
Let b(c) = -c + 13. Let h be b(6). Suppose 20 = 2*u - h*u. What is the units digit of (89 + 2)*u/(-14)?
6
Let j(f) = -f**3 + 43*f**2 - 8*f - 93. What is the hundreds digit of j(42)?
3
Suppose 27*t - 23*t = 16. Suppose 0 = -t*x + 4*c + 224, x - 5*c = -3*c + 58. Suppose -22 = -j + 5*h, -2*h - 14 = -2*j + x. What is the tens digit of j?
3
Let z(a) be the first derivative of 25*a - 5 - 1/2*a**2. What is the units digit of z(18)?
7
What is the tens digit of ((-3952)/(-114))/(2/21)?
6
Suppose -2*c + 0*c + 3*p + 111 = 0, 0 = -3*c - 5*p + 157. Let s = -46 + c. What is the units digit of s?
8
Let m(h) = 65*h - 128. Let q be m(2). Suppose x + 2 = 5. Suppose q*w + x*w - 190 = 0. What is the units digit of w?
8
Let j(o) = -o**2 + 9*o - 12. Let f be j(7). Let m be (-3 - f) + 4 + 10. Let u = 43 - m. What is the tens digit of u?
3
Let b(t) = 1 - 9*t - 2 + 13*t. Let x be b(-13). Let o = 78 + x. What is the units digit of o?
5
Suppose 2*l - 4*l + 8 = c, 0 = c - l + 1. Suppose s - 4*q - 79 = -0*q, -c*q = -s + 73. What is the units digit of s?
7
Let v = -14 - 31. Let s = v + 127. What is the units digit of s?
2
Suppose 4*w + 6*z - 20 = 2*z, -w + 4*z = 0. Suppose -q + b + 47 = 0, 4*q = 2*q + w*b + 92. What is the tens digit of q?
4
Let g = 8 - 2. Let x be (-119)/(-9) + g/(-27). Suppose 3*u - 4*m = x, -u - 2*u = -3*m - 15. What is the units digit of u?
7
Let t = 4 - -4. Suppose 3*b + t = 4*z, -2*z - z - 4*b = -31. Suppose 2*j + z*j = 168. What is the tens digit of j?
2
Let k = 46 - 40. Suppose -k*y = 75 - 507. What is the units digit of y?
2
Let n = 351 - 172. What is the tens digit of (-11)/(-11) + (n - -1)?
8
Let j = -645 + 2611. What is the units digit of j?
6
Let n = -45 + 58. Suppose -4*z = -n*z + 513. What is the units digit of z?
7
Let a(p) be the third derivative of -p**6/120 + 2*p**5/15 + p**4/2 + p**3/2 + 6*p**2. What is the units digit of a(9)?
0
Let z be -54 - (2 - -2)*-1. Let l = 12 - z. What is the tens digit of l?
6
Let n(u) = u**3 - u**2. Let a be n(2). Suppose a*g = g. Suppose g = -q + 4*x - x + 36, 4*q - 160 = 4*x. What is the units digit of q?
2
Suppose -24*k + 3*k + 13965 = 0. What is the tens digit of k?
6
Let h(a) = 2*a**3 + 9*a**2 + 5*a + 8. Let f be h(-4). Suppose 0 = -3*i - 9, -f*i = -3*w - 0*w + 423. What is the units digit of w?
7
Let f = 420 + 108. Suppose -3*x - f = -7*x. What is the units digit of x?
2
Let h = -14 - -10. Let o be (h/10)/((-4)/120). Suppose -5*a - 295 = -5*g, o = -2*a - 2*a. What is the units digit of g?
6
Let w be (-2)/(-5) - 220/50. Let k be 10/(w*1/(-2)). What is the units digit of (10/k)/((-1)/(-7))?
4
Suppose 2*y - 2911 = -2*y + j, -5*j = -5*y + 3635. What is the units digit of y?
8
Let m(q) = 71*q**3 + 28*q - 78. What is the units digit of m(3)?
3
What is the hundreds digit of (-34840)/(-60) - (-2)/6?
5
What is the thousands digit of 178205/(-87)*(-6)/5?
2
Let o be ((-60)/5)/(0 + -2 + 0). What is the tens digit of 349/3 + 4/o?
1
Let u be -40 + (-6)/3 + -1. Let o = u + 273. Suppose -3*f + f = 5*v - o, -v - f = -46. What is the units digit of v?
6
Let h = 6 + -4. Suppose -5*l = -h*l - 186. Suppose 0 = 5*q - l - 43. What is the units digit of q?
1
Suppose 0 = 19*y - 16*y - 2355. Suppose -7*a + y = 288. What is the units digit of a?
1
Let b = 126 + -266. What is the units digit of ((-84)/35)/((-1)/b*-3)?
2
Let f be (5 - 2 - -4) + 12/